e greatest common factor of 261464 and 2174420?
2668
What is the greatest common divisor of 727484 and 80?
4
What is the greatest common factor of 2930116921 and 643?
643
What is the highest common divisor of 12080 and 15799130?
1510
Calculate the highest common divisor of 19535770 and 70.
10
Calculate the highest common factor of 599885 and 57915.
715
Calculate the highest common factor of 203828 and 1460.
4
Calculate the highest common factor of 650972 and 3283.
469
What is the greatest common factor of 10517475 and 816990?
1695
What is the highest common divisor of 1026983 and 386702?
239
What is the greatest common divisor of 19 and 110169543?
19
Calculate the highest common divisor of 2028820 and 172558.
722
What is the greatest common divisor of 16040840 and 955?
5
Calculate the greatest common factor of 34 and 185790671.
17
Calculate the greatest common divisor of 49 and 5486285.
49
Calculate the greatest common divisor of 1392 and 86746134.
174
Calculate the highest common divisor of 1136005 and 455.
65
What is the greatest common divisor of 686243 and 26688?
139
Calculate the highest common factor of 381552670 and 20.
10
What is the highest common factor of 18662 and 5798240?
434
What is the highest common factor of 24 and 903328?
8
Calculate the highest common factor of 81738 and 173052.
342
What is the highest common divisor of 292581 and 183?
3
What is the highest common divisor of 264 and 73347208?
88
What is the greatest common divisor of 48307 and 754420?
67
Calculate the highest common divisor of 154 and 789877.
11
Calculate the greatest common factor of 40401 and 374333221.
4489
Calculate the highest common factor of 17 and 39994013.
17
Calculate the greatest common divisor of 10384155 and 6858.
1143
What is the highest common factor of 2168 and 5092903?
271
What is the highest common divisor of 378 and 10691268?
42
Calculate the greatest common divisor of 188363 and 453284.
379
Calculate the highest common factor of 860777 and 37572.
31
What is the highest common divisor of 282 and 89586559?
47
Calculate the greatest common factor of 50640615 and 1143.
1143
Calculate the greatest common factor of 791 and 52997.
791
Calculate the greatest common factor of 42 and 5085717.
21
What is the highest common divisor of 2268 and 576324?
252
What is the greatest common divisor of 922298 and 4?
2
Calculate the greatest common factor of 8718840 and 2430.
2430
Calculate the greatest common factor of 95794 and 12796306.
422
What is the highest common divisor of 19602 and 43024608?
1782
Calculate the highest common factor of 5232 and 80736.
48
Calculate the greatest common factor of 9 and 278029.
1
What is the highest common divisor of 28 and 68659542?
14
Calculate the greatest common factor of 700 and 2597308.
28
Calculate the highest common factor of 4662 and 3450285594.
4662
Calculate the greatest common divisor of 3032 and 191377187.
379
What is the highest common divisor of 17256442 and 364?
14
What is the greatest common factor of 473 and 3514390?
473
Calculate the highest common factor of 3633 and 148964418.
519
What is the highest common factor of 414091 and 364704?
3799
What is the highest common divisor of 2599 and 4841372?
113
Calculate the highest common factor of 716237 and 84367.
353
Calculate the highest common factor of 36057 and 1423002.
357
Calculate the greatest common divisor of 42383 and 200189.
11
What is the highest common divisor of 2061726 and 55488?
1734
What is the greatest common factor of 2321826 and 13294?
578
What is the greatest common divisor of 5788 and 391135676?
5788
Calculate the highest common divisor of 2574 and 393874767.
1287
Calculate the highest common divisor of 100 and 1505320.
20
Calculate the highest common divisor of 5503694 and 154.
14
Calculate the greatest common factor of 58329315 and 66825.
4455
Calculate the greatest common divisor of 25353 and 1288621.
313
What is the greatest common factor of 40110 and 821982?
42
What is the highest common divisor of 8779771 and 18304?
143
Calculate the highest common factor of 3481009 and 21413.
931
Calculate the greatest common divisor of 218485 and 85359.
37
Calculate the highest common divisor of 4223388 and 39.
39
Calculate the highest common divisor of 2277 and 12041535.
759
What is the greatest common factor of 12594419 and 241?
241
Calculate the greatest common factor of 1334 and 1336001.
667
Calculate the greatest common divisor of 675 and 1956015.
135
Calculate the highest common divisor of 1980680 and 757991.
3809
Calculate the highest common divisor of 24 and 40970196.
12
What is the highest common divisor of 23729888 and 15080?
3016
Calculate the highest common divisor of 8 and 185981.
1
What is the highest common factor of 7093 and 80893?
41
Calculate the highest common factor of 20884727 and 6322.
3161
Calculate the greatest common factor of 77780 and 5660.
20
Calculate the highest common factor of 1863 and 1518183.
81
What is the greatest common divisor of 1390748 and 8986825?
5893
Calculate the highest common divisor of 8229585 and 8645.
455
What is the greatest common divisor of 57914 and 1699562?
46
What is the greatest common factor of 10794609 and 21063?
357
Calculate the greatest common divisor of 736 and 26266644.
92
What is the highest common divisor of 349174 and 1621704?
686
Calculate the greatest common factor of 74 and 24167882.
74
What is the greatest common divisor of 1428573 and 2976?
93
What is the highest common factor of 116 and 14131178?
58
Calculate the highest common divisor of 17 and 86486.
1
Calculate the highest common factor of 2789744 and 848.
16
What is the highest common divisor of 400 and 76292100?
100
What is the highest common divisor of 476180 and 957?
29
Calculate the highest common factor of 1292 and 2200124.
76
Calculate the greatest common factor of 351 and 23004735.
39
Calculate the highest common divisor of 51365490 and 88.
22
What is the greatest common factor of 168 and 4866834?
42
What is the highest common factor of 202085601 and 1073?
1073
Calculate the greatest common divisor of 1072 and 34963816.
536
What is the highest common factor of 34688 and 1536?
128
Calculate the greatest common divisor of 456359010 and 3090.
3090
What is the greatest common factor of 43622 and 143718?
34
What is the highest common divisor of 92089 and 5168?
17
Calculate the highest common factor of 38 and 61972072.
38
What is the highest common factor of 135 and 11351985?
15
What is the greatest common divisor of 260 and 2586370?
10
Calculate the greatest common divisor of 66584318 and 14.
2
What is the greatest common divisor of 177654 and 191197?
29
Calculate the highest common divisor of 1177579407 and 401.
401
Calculate the greatest common factor of 11 and 5596789.
11
What is the highest common divisor of 320 and 2672557120?
320
What is the greatest common divisor of 560 and 9061580?
20
What is the highest common divisor of 1486599 and 21939?
309
Calculate the highest common factor of 20297142 and 45.
9
What is the highest common factor of 53407311 and 4761?
1587
What is the highest common divisor of 1820 and 23991513?
91
What is the highest common divisor of 8547 and 1578423?
231
Calculate the greatest common factor of 108840 and 4980.
60
Calculate the highest common divisor of 103070424 and 21.
3
What is the highest common factor of 23736586 and 114?
38
What is the greatest common divisor of 20427 and 3165?
3
Calculate the highest common factor of 19371 and 16753.
11
What is the highest common divisor of 265 and 92288635?
265
Calculate the highest common divisor of 935525 and 2875.
575
Calculate the highest common factor of 1231677 and 535.
107
What is the highest common divisor of 60 and 756874?
2
Calculate the greatest common divisor of 8428 and 210356.
172
What is the greatest common divisor of 206080 and 27230?
70
Calculate the highest common divisor of 294 and 2087144808.
294
What is the highest common factor of 7922 and 4490609?
233
What is the highest common factor of 116 and 83513156?
116
Calculate the highest common divisor of 149649414 and 21123.
7041
Calculate the highest common factor of 2118 and 1430564976.
2118
Calculate the greatest common divisor of 61358875 and 10960.
685
What is the greates